{"id":2523,"date":"2016-10-03T13:45:03","date_gmt":"2016-10-03T12:45:03","guid":{"rendered":"http:\/\/ecole.ecj23.org\/?page_id=2523"},"modified":"2020-08-24T09:36:18","modified_gmt":"2020-08-24T07:36:18","slug":"securite-des-eleves","status":"publish","type":"page","link":"https:\/\/ecole.ecj23.org\/index.php\/securite-des-eleves\/","title":{"rendered":"S\u00e9curit\u00e9 des \u00e9l\u00e8ves"},"content":{"rendered":"<p style=\"text-align: justify;\"><span style=\"color: #3366ff;\"><strong><a style=\"color: #3366ff;\" href=\"http:\/\/ecole.ecj23.org\/wp-content\/uploads\/2016\/09\/s\u00e9curit\u00e9-ecole.jpg\"><img loading=\"lazy\" decoding=\"async\" class=\"wp-image-2542 aligncenter\" src=\"http:\/\/ecole.ecj23.org\/wp-content\/uploads\/2016\/09\/s\u00e9curit\u00e9-ecole.jpg\" alt=\"\" width=\"597\" height=\"397\" srcset=\"https:\/\/ecole.ecj23.org\/wp-content\/uploads\/2016\/09\/s\u00e9curit\u00e9-ecole.jpg 516w, https:\/\/ecole.ecj23.org\/wp-content\/uploads\/2016\/09\/s\u00e9curit\u00e9-ecole-300x199.jpg 300w, https:\/\/ecole.ecj23.org\/wp-content\/uploads\/2016\/09\/s\u00e9curit\u00e9-ecole-75x50.jpg 75w\" sizes=\"auto, (max-width: 597px) 100vw, 597px\" \/><\/a><\/strong><\/span><\/p>\n<p><style type=\"text\/css\">\n\t<!-- @page { margin: 2cm } P { margin-bottom: 0.21cm } --><br \/>\t<\/style>\n<\/p>\n\n\n<h3 class=\"wp-block-heading\"><br><strong>Plan Vigipirate Renforc\u00e9<\/strong><\/h3>\n\n\n\n<p style=\"text-align:justify\">Pour acc\u00e9der \u00e0 l\u2019\u00e9tablissement, nous vous demandons de sonner, de vous annoncer avant de vous rendre au P\u00f4le Accueil situ\u00e9 sous le pr\u00e9au de l\u2019\u00c9cole \u00c9l\u00e9mentaire.<\/p>\n\n\n\n<p style=\"text-align:justify\">Les parents sont invit\u00e9s \u00e0 d\u00e9poser leurs enfants au portail de leur choix&nbsp;; les portails Briand et Platanes sont l\u2019un et l\u2019autre s\u00e9curis\u00e9s par la pr\u00e9sence d\u2019un membre du personnel de surveillance.<\/p>\n\n\n\n<p style=\"text-align:justify\">Seuls les \u00e9l\u00e8ves de l\u2019\u00c9cole Maternelle seront accompagn\u00e9s par leurs parents \u00e0 l\u2019int\u00e9rieur du b\u00e2timent.<\/p>\n\n\n\n<p style=\"text-align:justify\">Pour des raisons de s\u00e9curit\u00e9, aucun \u00e9l\u00e8ve ne peut entrer dans l\u2019\u00e9tablissement avant 7h30.<\/p>\n\n\n\n<h3 class=\"wp-block-heading\">Accueil du matin&nbsp;: 7h30 \u2013 8h05<\/h3>\n\n\n\n<p style=\"text-align:justify\">Les parents d\u00e9posent les enfants au portillon de leur choix &#8211; Briand ou Platanes.<\/p>\n\n\n\n<h3 class=\"wp-block-heading\">Pause m\u00e9ridienne<br><\/h3>\n\n\n\n<p style=\"text-align:justify\">A 11h45, les enseignants accompagnent les \u00e9l\u00e8ves de CP et CE1 qui ne mangent pas \u00e0 la cantine aux portails Briand et Platanes en fonction du choix des familles.<\/p>\n\n\n\n<p style=\"text-align:justify\">Les \u00e9l\u00e8ves de CE2, CM1 et CM2 se rendent seuls aux portails.<\/p>\n\n\n\n<p style=\"text-align:justify\">Les enfants demi-pensionnaires sont pris en charge par le personnel de surveillance ; ils ont la possibilit\u00e9 de participer \u00e0 diff\u00e9rents ateliers propos\u00e9s sur le temps de midi (12H30 \u2013 13H30).<\/p>\n\n\n\n<p style=\"text-align:justify\">Les \u00e9l\u00e8ves externes ne sont pas autoris\u00e9s dans l\u2019enceinte de l\u2019\u00c9cole avant 13H.<\/p>\n\n\n\n<h3 class=\"wp-block-heading\">Sortie de 16H00<br><\/h3>\n\n\n\n<p style=\"text-align:justify\">Les enseignants conduisent les \u00e9l\u00e8ves de CP et CE1 aux portillons Briand et Platanes en fonction du choix \u00e9mis par les familles.<\/p>\n\n\n\n<p style=\"text-align:justify\">Les \u00e9l\u00e8ves de CE2, CM1 et CM2 se rendent seuls aux portails.<\/p>\n\n\n\n<h3 class=\"wp-block-heading\">P\u00e9ri-scolaire \/ \u00e9tudes<\/h3>\n\n\n\n<p>16H \u2013 16H30&nbsp;: R\u00e9cr\u00e9ation<\/p>\n\n\n\n<p style=\"text-align:justify\">A 16H30, les \u00e9l\u00e8ves regagnent leur salle d\u2019\u00e9tude.<\/p>\n\n\n\n<p>4 horaires de sortie sont pr\u00e9vus&nbsp;: 17H \u2013 17H30 \u2013 18h \u2013 18H30.<\/p>\n\n\n\n<p style=\"text-align:justify\">Les portails Briand et Platanes sont ouverts 10 min avant et 10 min apr\u00e8s ces horaires.<\/p>\n\n\n\n<p style=\"text-align:justify\">Les parents peuvent entrer dans la grande cour pour rechercher leurs enfants ; les \u00e9l\u00e8ves de CP et CE1 sont accompagn\u00e9s par les surveillantes sous le pr\u00e9au.<\/p>\n\n\n\n<p>Les \u00e9l\u00e8ves de CE2, CM1 et CM2 se rendent seuls au point de rendez-vous fix\u00e9 par la famille.<\/p>\n\n\n\n<p style=\"text-align:justify\">Si les parents d\u2019\u00e9l\u00e8ves de CP et CE1 souhaitent que leur enfant se rende seul \u00e0 l\u2019un ou l\u2019autre des portillons, ils nous le signaleront par le biais du Carnet de Liaison.<\/p>\n\n\n\n<p style=\"text-align:justify\">Pour r\u00e9pondre aux exigences du Minist\u00e8re de l\u2019\u00c9ducation Nationale, un exercice de confinement \u00a0\u00bb Attentat-Intrusion\u00a0\u00bb aura lieu dans notre \u00e9tablissement avant les cong\u00e9s de Toussaint.<\/p>\n","protected":false},"excerpt":{"rendered":"<p>Plan Vigipirate Renforc\u00e9 Pour acc\u00e9der \u00e0 l\u2019\u00e9tablissement, nous vous demandons de sonner, de vous annoncer avant de vous rendre au P\u00f4le Accueil situ\u00e9 sous le pr\u00e9au de l\u2019\u00c9cole \u00c9l\u00e9mentaire. Les [&hellip;]<\/p>\n","protected":false},"author":10,"featured_media":0,"parent":0,"menu_order":0,"comment_status":"closed","ping_status":"closed","template":"","meta":{"footnotes":""},"class_list":["post-2523","page","type-page","status-publish","hentry"],"jetpack_sharing_enabled":true,"_links":{"self":[{"href":"https:\/\/ecole.ecj23.org\/index.php\/wp-json\/wp\/v2\/pages\/2523","targetHints":{"allow":["GET"]}}],"collection":[{"href":"https:\/\/ecole.ecj23.org\/index.php\/wp-json\/wp\/v2\/pages"}],"about":[{"href":"https:\/\/ecole.ecj23.org\/index.php\/wp-json\/wp\/v2\/types\/page"}],"author":[{"embeddable":true,"href":"https:\/\/ecole.ecj23.org\/index.php\/wp-json\/wp\/v2\/users\/10"}],"replies":[{"embeddable":true,"href":"https:\/\/ecole.ecj23.org\/index.php\/wp-json\/wp\/v2\/comments?post=2523"}],"version-history":[{"count":20,"href":"https:\/\/ecole.ecj23.org\/index.php\/wp-json\/wp\/v2\/pages\/2523\/revisions"}],"predecessor-version":[{"id":7544,"href":"https:\/\/ecole.ecj23.org\/index.php\/wp-json\/wp\/v2\/pages\/2523\/revisions\/7544"}],"wp:attachment":[{"href":"https:\/\/ecole.ecj23.org\/index.php\/wp-json\/wp\/v2\/media?parent=2523"}],"curies":[{"name":"wp","href":"https:\/\/api.w.org\/{rel}","templated":true}]}}

Sécurité des élèves

<p style="text-align: justify;"><span style="color: #3366ff;"><strong><a style="color: #3366ff;" href="http://ecole.ecj23.org/wp-content/uploads/2016/09/sécurité-ecole.jpg"><img loading="lazy" decoding="async" class="wp-image-2542 aligncenter" src="http://ecole.ecj23.org/wp-content/uploads/2016/09/sécurité-ecole.jpg" alt="" width="597" height="397" srcset="https://ecole.ecj23.org/wp-content/uploads/2016/09/sécurité-ecole.jpg 516w, https://ecole.ecj23.org/wp-content/uploads/2016/09/sécurité-ecole-300x199.jpg 300w, https://ecole.ecj23.org/wp-content/uploads/2016/09/sécurité-ecole-75x50.jpg 75w" sizes="auto, (max-width: 597px) 100vw, 597px" /></a></strong></span></p>
<p><style type="text/css">
	<!-- @page { margin: 2cm } P { margin-bottom: 0.21cm } --><br />	</style>
</p>


<h3 class="wp-block-heading"><br><strong>Plan Vigipirate Renforcé</strong></h3>



<p style="text-align:justify">Pour accéder à l’établissement, nous vous demandons de sonner, de vous annoncer avant de vous rendre au Pôle Accueil situé sous le préau de l’École Élémentaire.</p>



<p style="text-align:justify">Les parents sont invités à déposer leurs enfants au portail de leur choix&nbsp;; les portails Briand et Platanes sont l’un et l’autre sécurisés par la présence d’un membre du personnel de surveillance.</p>



<p style="text-align:justify">Seuls les élèves de l’École Maternelle seront accompagnés par leurs parents à l’intérieur du bâtiment.</p>



<p style="text-align:justify">Pour des raisons de sécurité, aucun élève ne peut entrer dans l’établissement avant 7h30.</p>



<h3 class="wp-block-heading">Accueil du matin&nbsp;: 7h30 – 8h05</h3>



<p style="text-align:justify">Les parents déposent les enfants au portillon de leur choix &#8211; Briand ou Platanes.</p>



<h3 class="wp-block-heading">Pause méridienne<br></h3>



<p style="text-align:justify">A 11h45, les enseignants accompagnent les élèves de CP et CE1 qui ne mangent pas à la cantine aux portails Briand et Platanes en fonction du choix des familles.</p>



<p style="text-align:justify">Les élèves de CE2, CM1 et CM2 se rendent seuls aux portails.</p>



<p style="text-align:justify">Les enfants demi-pensionnaires sont pris en charge par le personnel de surveillance ; ils ont la possibilité de participer à différents ateliers proposés sur le temps de midi (12H30 – 13H30).</p>



<p style="text-align:justify">Les élèves externes ne sont pas autorisés dans l’enceinte de l’École avant 13H.</p>



<h3 class="wp-block-heading">Sortie de 16H00<br></h3>



<p style="text-align:justify">Les enseignants conduisent les élèves de CP et CE1 aux portillons Briand et Platanes en fonction du choix émis par les familles.</p>



<p style="text-align:justify">Les élèves de CE2, CM1 et CM2 se rendent seuls aux portails.</p>



<h3 class="wp-block-heading">Péri-scolaire / études</h3>



<p>16H – 16H30&nbsp;: Récréation</p>



<p style="text-align:justify">A 16H30, les élèves regagnent leur salle d’étude.</p>



<p>4 horaires de sortie sont prévus&nbsp;: 17H – 17H30 – 18h – 18H30.</p>



<p style="text-align:justify">Les portails Briand et Platanes sont ouverts 10 min avant et 10 min après ces horaires.</p>



<p style="text-align:justify">Les parents peuvent entrer dans la grande cour pour rechercher leurs enfants ; les élèves de CP et CE1 sont accompagnés par les surveillantes sous le préau.</p>



<p>Les élèves de CE2, CM1 et CM2 se rendent seuls au point de rendez-vous fixé par la famille.</p>



<p style="text-align:justify">Si les parents d’élèves de CP et CE1 souhaitent que leur enfant se rende seul à l’un ou l’autre des portillons, ils nous le signaleront par le biais du Carnet de Liaison.</p>



<p style="text-align:justify">Pour répondre aux exigences du Ministère de l’Éducation Nationale, un exercice de confinement  » Attentat-Intrusion » aura lieu dans notre établissement avant les congés de Toussaint.</p>

<p>Plan Vigipirate Renforcé Pour accéder à l’établissement, nous vous demandons de sonner, de vous annoncer avant de vous rendre au Pôle Accueil situé sous le préau de l’École Élémentaire. Les [&hellip;]</p>
