{"id":70,"date":"2015-08-22T09:02:32","date_gmt":"2015-08-22T08:02:32","guid":{"rendered":"http:\/\/ecole.ecj23.org\/?page_id=70"},"modified":"2018-12-09T09:45:45","modified_gmt":"2018-12-09T08:45:45","slug":"ecole-maternelle","status":"publish","type":"page","link":"https:\/\/ecole.ecj23.org\/index.php\/ecole-maternelle\/","title":{"rendered":"L\u2019\u00c9cole Maternelle Jean XXIII"},"content":{"rendered":"\n<h2 class=\"wp-block-heading\">Entrez dans cette \u00c9cole, qui, en 2016, a f\u00eat\u00e9 son dixi\u00e8me anniversaire .<\/h2>\n\n\n\n<p>Nous sommes heureux et fiers de vous y accueillir, vous Parents et futurs Parents, ainsi que vos enfants.<\/p>\n\n\n\n<p>Profitez de cette promenade en images pour vous familiariser avec les lieux, pour ressentir l&rsquo;atmosph\u00e8re si particuli\u00e8re qui se d\u00e9gage de cette structure faite de neuf et d&rsquo;ancien, de modernit\u00e9 et de respect pour le pass\u00e9 . Nous avons souhait\u00e9 conserver les briques des anciens b\u00e2timents DMC ; nous avons privil\u00e9gi\u00e9 le verre pour la qualit\u00e9 d&rsquo;une lumi\u00e8re naturelle et l&rsquo;ouverture sur le monde ext\u00e9rieur; nous avons choisi le bois pour son aspect chaleureux et rassurant.<\/p>\n\n\n\n<p>Soyez convaincus de notre engagement aupr\u00e8s de chaque famille qui nous confie son\/ses enfants , convaincus \u00e9galement d&rsquo;un accompagnement de qualit\u00e9 aupr\u00e8s de chacun des 190 enfants qui, chaque ann\u00e9e scolaire, animent de leurs rires et de leurs cris, nos salles de classes et nos cours de r\u00e9cr\u00e9ations !<\/p>\n\n\n\n<p>Parce que notre objectif est de voir les enfants grandir, m\u00fbrir et s&rsquo;\u00e9panouir dans notre \u00c9cole &#8230;, dans un respect mutuel et une confiance partag\u00e9e, nous vous ouvrons les portes de notre \u00c9cole.<\/p>\n\n\n\n<p>Au plaisir de prochainement vous rencontrer !<\/p>\n\n\n\n<ul class=\"wp-block-gallery columns-3 is-cropped wp-block-gallery-1 is-layout-flex wp-block-gallery-is-layout-flex\"><li class=\"blocks-gallery-item\"><figure><img loading=\"lazy\" decoding=\"async\" width=\"1024\" height=\"768\" src=\"http:\/\/ecole.ecj23.org\/wp-content\/uploads\/2016\/04\/16-1024x768.jpg\" alt=\"\" data-id=\"771\" data-link=\"http:\/\/ecole.ecj23.org\/16\/\" class=\"wp-image-771\" srcset=\"https:\/\/ecole.ecj23.org\/wp-content\/uploads\/2016\/04\/16-1024x768.jpg 1024w, https:\/\/ecole.ecj23.org\/wp-content\/uploads\/2016\/04\/16-300x225.jpg 300w, https:\/\/ecole.ecj23.org\/wp-content\/uploads\/2016\/04\/16-768x576.jpg 768w, https:\/\/ecole.ecj23.org\/wp-content\/uploads\/2016\/04\/16.jpg 1600w\" sizes=\"auto, (max-width: 1024px) 100vw, 1024px\" \/><figcaption>Moment r\u00e9cr\u00e9atif et bucolique .<\/figcaption><\/figure><\/li><li class=\"blocks-gallery-item\"><figure><img loading=\"lazy\" decoding=\"async\" width=\"1024\" height=\"768\" src=\"http:\/\/ecole.ecj23.org\/wp-content\/uploads\/2016\/04\/14-1024x768.jpg\" alt=\"\" data-id=\"769\" data-link=\"http:\/\/ecole.ecj23.org\/14\/\" class=\"wp-image-769\" srcset=\"https:\/\/ecole.ecj23.org\/wp-content\/uploads\/2016\/04\/14-1024x768.jpg 1024w, https:\/\/ecole.ecj23.org\/wp-content\/uploads\/2016\/04\/14-300x225.jpg 300w, https:\/\/ecole.ecj23.org\/wp-content\/uploads\/2016\/04\/14-768x576.jpg 768w, https:\/\/ecole.ecj23.org\/wp-content\/uploads\/2016\/04\/14.jpg 1600w\" sizes=\"auto, (max-width: 1024px) 100vw, 1024px\" \/><figcaption>Amusons-nous!<\/figcaption><\/figure><\/li><li class=\"blocks-gallery-item\"><figure><img loading=\"lazy\" decoding=\"async\" width=\"300\" height=\"225\" src=\"http:\/\/ecole.ecj23.org\/wp-content\/uploads\/2016\/04\/24.jpg\" alt=\"\" data-id=\"777\" data-link=\"http:\/\/ecole.ecj23.org\/24\/\" class=\"wp-image-777\"\/><figcaption>Salle de restauration<\/figcaption><\/figure><\/li><li class=\"blocks-gallery-item\"><figure><img loading=\"lazy\" decoding=\"async\" width=\"300\" height=\"225\" src=\"http:\/\/ecole.ecj23.org\/wp-content\/uploads\/2016\/04\/19.jpg\" alt=\"\" data-id=\"774\" data-link=\"http:\/\/ecole.ecj23.org\/19\/\" class=\"wp-image-774\"\/><figcaption>Salle de sport et motricit\u00e9<\/figcaption><\/figure><\/li><li class=\"blocks-gallery-item\"><figure><img loading=\"lazy\" decoding=\"async\" width=\"935\" height=\"630\" src=\"http:\/\/ecole.ecj23.org\/wp-content\/uploads\/2016\/04\/25.jpg\" alt=\"\" data-id=\"778\" data-link=\"http:\/\/ecole.ecj23.org\/25\/\" class=\"wp-image-778\" srcset=\"https:\/\/ecole.ecj23.org\/wp-content\/uploads\/2016\/04\/25.jpg 935w, https:\/\/ecole.ecj23.org\/wp-content\/uploads\/2016\/04\/25-300x202.jpg 300w, https:\/\/ecole.ecj23.org\/wp-content\/uploads\/2016\/04\/25-768x517.jpg 768w, https:\/\/ecole.ecj23.org\/wp-content\/uploads\/2016\/04\/25-75x50.jpg 75w\" sizes=\"auto, (max-width: 935px) 100vw, 935px\" \/><figcaption>Ancien b\u00e2timent DMC r\u00e9nov\u00e9<\/figcaption><\/figure><\/li><li class=\"blocks-gallery-item\"><figure><img loading=\"lazy\" decoding=\"async\" width=\"300\" height=\"225\" src=\"http:\/\/ecole.ecj23.org\/wp-content\/uploads\/2016\/04\/22.jpg\" alt=\"\" data-id=\"780\" data-link=\"http:\/\/ecole.ecj23.org\/22\/\" class=\"wp-image-780\"\/><figcaption>Salle d&#039;accueil du p\u00e9riscolaire<\/figcaption><\/figure><\/li><li class=\"blocks-gallery-item\"><figure><img loading=\"lazy\" decoding=\"async\" width=\"1024\" height=\"576\" src=\"http:\/\/ecole.ecj23.org\/wp-content\/uploads\/2016\/04\/8-e1460645120661-1024x576.jpg\" alt=\"\" data-id=\"782\" data-link=\"http:\/\/ecole.ecj23.org\/8\/\" class=\"wp-image-782\" srcset=\"https:\/\/ecole.ecj23.org\/wp-content\/uploads\/2016\/04\/8-e1460645120661-1024x576.jpg 1024w, https:\/\/ecole.ecj23.org\/wp-content\/uploads\/2016\/04\/8-e1460645120661-300x169.jpg 300w, https:\/\/ecole.ecj23.org\/wp-content\/uploads\/2016\/04\/8-e1460645120661-768x432.jpg 768w\" sizes=\"auto, (max-width: 1024px) 100vw, 1024px\" \/><figcaption>Le coin lecture . Chhttt&#8230;mon histoire commence !<\/figcaption><\/figure><\/li><li class=\"blocks-gallery-item\"><figure><img loading=\"lazy\" decoding=\"async\" width=\"300\" height=\"225\" src=\"http:\/\/ecole.ecj23.org\/wp-content\/uploads\/2016\/04\/17.jpg\" alt=\"\" data-id=\"772\" data-link=\"http:\/\/ecole.ecj23.org\/17\/\" class=\"wp-image-772\"\/><figcaption>Classe de Moyenne Section<\/figcaption><\/figure><\/li><li class=\"blocks-gallery-item\"><figure><img loading=\"lazy\" decoding=\"async\" width=\"300\" height=\"225\" src=\"http:\/\/ecole.ecj23.org\/wp-content\/uploads\/2016\/04\/5.jpg\" alt=\"\" data-id=\"761\" data-link=\"http:\/\/ecole.ecj23.org\/5\/\" class=\"wp-image-761\"\/><figcaption>Classe de Grande Section<\/figcaption><\/figure><\/li><li class=\"blocks-gallery-item\"><figure><img loading=\"lazy\" decoding=\"async\" width=\"1024\" height=\"768\" src=\"http:\/\/ecole.ecj23.org\/wp-content\/uploads\/2016\/04\/3-1024x768.jpg\" alt=\"\" data-id=\"759\" data-link=\"http:\/\/ecole.ecj23.org\/3\/\" class=\"wp-image-759\" srcset=\"https:\/\/ecole.ecj23.org\/wp-content\/uploads\/2016\/04\/3-1024x768.jpg 1024w, https:\/\/ecole.ecj23.org\/wp-content\/uploads\/2016\/04\/3-300x225.jpg 300w, https:\/\/ecole.ecj23.org\/wp-content\/uploads\/2016\/04\/3-768x576.jpg 768w\" sizes=\"auto, (max-width: 1024px) 100vw, 1024px\" \/><figcaption>Porte d&#039;entr\u00e9e, porte vers l&#039;avenir<\/figcaption><\/figure><\/li><li class=\"blocks-gallery-item\"><figure><img loading=\"lazy\" decoding=\"async\" width=\"1024\" height=\"768\" src=\"http:\/\/ecole.ecj23.org\/wp-content\/uploads\/2016\/04\/2-1024x768.jpg\" alt=\"\" data-id=\"758\" data-link=\"http:\/\/ecole.ecj23.org\/2\/\" class=\"wp-image-758\" srcset=\"https:\/\/ecole.ecj23.org\/wp-content\/uploads\/2016\/04\/2-1024x768.jpg 1024w, https:\/\/ecole.ecj23.org\/wp-content\/uploads\/2016\/04\/2-300x225.jpg 300w, https:\/\/ecole.ecj23.org\/wp-content\/uploads\/2016\/04\/2-768x576.jpg 768w, https:\/\/ecole.ecj23.org\/wp-content\/uploads\/2016\/04\/2.jpg 1600w\" sizes=\"auto, (max-width: 1024px) 100vw, 1024px\" \/><figcaption>Ecole Maternelle , inaugur\u00e9e en 2006<\/figcaption><\/figure><\/li><li class=\"blocks-gallery-item\"><figure><img loading=\"lazy\" decoding=\"async\" width=\"768\" height=\"1024\" src=\"http:\/\/ecole.ecj23.org\/wp-content\/uploads\/2016\/04\/1-e1460644105581-768x1024.jpg\" alt=\"\" data-id=\"757\" data-link=\"http:\/\/ecole.ecj23.org\/1\/\" class=\"wp-image-757\" srcset=\"https:\/\/ecole.ecj23.org\/wp-content\/uploads\/2016\/04\/1-e1460644105581-768x1024.jpg 768w, https:\/\/ecole.ecj23.org\/wp-content\/uploads\/2016\/04\/1-e1460644105581-225x300.jpg 225w\" sizes=\"auto, (max-width: 768px) 100vw, 768px\" \/><figcaption>6 crayons de couleur &#8211; 6 classes   1 Projet commun<\/figcaption><\/figure><\/li><\/ul>\n\n\n\n<h2 class=\"wp-block-heading\">LE PROJET \u00c9DUCATIF DE L\u2019\u00c9COLE MATERNELLE<\/h2>\n\n\n\n<p>Il se d\u00e9cline autour de 4 axes&nbsp;:<\/p>\n\n\n\n<h3 class=\"wp-block-heading\">Le 1<sup>er<\/sup> axe&nbsp;: L\u2019\u00c9ducation Physique et Sportive&nbsp;:<\/h3>\n\n\n\n<p>\nLa grande salle d\u2019\u00e9volution physique et sportive est destin\u00e9e \u00e0 \u00eatre le support d\u2019une \u00e9ducation quotidienne, visant \u00e0 aider les enfants \u00e0 d\u00e9velopper leurs capacit\u00e9s physiques et \u00e0 les affiner pour permettre la pr\u00e9cision du geste, l\u2019ad\u00e9quation du mouvement avec une situation pr\u00e9cise.\n\n<\/p>\n\n\n\n<h3 class=\"wp-block-heading\">Le 2\u00e8me axe : L\u2019\u00c9ducation Artistique&nbsp;:<\/h3>\n\n\n\n<p>\nEn mettant les enfants au contact avec l\u2019\u0153uvre d\u2019art (musicale, visuelle, th\u00e9\u00e2trale), en favorisant la rencontre avec des artistes, des compositeurs, des peintres, il nous importe de d\u00e9velopper chez les enfants la capacit\u00e9 d\u2019\u00e9merveillement, de les ouvrir au Beau et de faire jaillir de leur intimit\u00e9 profonde le sens cr\u00e9ateur que chacun porte en lui en germe.\n\n<\/p>\n\n\n\n<h3 class=\"wp-block-heading\">Le 3<sup>\u00e8me<\/sup> axe : L\u2019\u00c9ducation Eco-Citoyenne :<\/h3>\n\n\n\n<p>La cr\u00e9ation du jardin autour de l\u2019\u00c9cole maternelle se veut \u00eatre le support d\u2019une sensibilisation et d\u2019une initiation de l\u2019enfant au respect de l\u2019environnement et \u00e0 la protection de la plan\u00e8te. Planter, semer, r\u00e9colter, puis r\u00e9aliser des petits plats \u00ab&nbsp;bio&nbsp;\u00bb, c\u2019est revenir \u00e0 des valeurs de simplicit\u00e9 et d\u2019authenticit\u00e9, li\u00e9es \u00e0 la terre, aux techniques du jardinage.<\/p>\n\n\n\n<h3 class=\"wp-block-heading\"><strong>Le 4<sup>\u00e8me<\/sup> axe&nbsp;: L\u2019\u00c9ducation Religieuse<\/strong><\/h3>\n\n\n\n<p>Il ne s\u2019agit pas l\u00e0 d\u2019un axe en soi, s\u00e9par\u00e9 des autres,voire &nbsp;\u00ab&nbsp;en option&nbsp;\u00bb. Il s\u2019agit bien d\u2019un axe transversal \u00e0 tous les autres, \u00e0 l\u2019\u00e9ducation mise en \u0153uvre dans notre \u00e9cole. L\u2019\u00e9ducation religieuse, la proposition de la foi faite dans notre \u00e9cole d\u00e9passe les valeurs de respect, de tol\u00e9rance, de fraternit\u00e9, de partage, qui sont le fondement de toute \u00e9ducation humaine digne de ce nom. Notre projet \u00e9ducatif s\u2019appuie sur l\u2019\u00c9vangile et ose annoncer J\u00e9sus-Christ comme seul et vrai rep\u00e8re de notre vie.<\/p>\n\n\n\n<p>L\u2019\u00c9cole Maternelle JEAN XXIII&nbsp;: la premi\u00e8re \u00e9tape d\u2019une scolarit\u00e9 qui se poursuivra dans l\u2019\u00c9cole \u00c9l\u00e9mentaire, puis au Coll\u00e8ge dans une continuit\u00e9 parfaite, dans une coh\u00e9rence voulue et r\u00e9fl\u00e9chie.<\/p>\n\n\n\n<p>BONNE ROUTE&nbsp; \u00e0 vous, les parents,<\/p>\n\n\n\n<p>qui vous engagez, \u00e0 nos c\u00f4t\u00e9s, dans cette aventure avec vos enfants&nbsp;!<\/p>\n","protected":false},"excerpt":{"rendered":"<p>Entrez dans cette \u00c9cole, qui, en 2016, a f\u00eat\u00e9 son dixi\u00e8me anniversaire . Nous sommes heureux et fiers de vous y accueillir, vous Parents et futurs Parents, ainsi que vos [&hellip;]<\/p>\n","protected":false},"author":10,"featured_media":0,"parent":0,"menu_order":0,"comment_status":"closed","ping_status":"closed","template":"","meta":{"footnotes":""},"class_list":["post-70","page","type-page","status-publish","hentry"],"jetpack_sharing_enabled":true,"_links":{"self":[{"href":"https:\/\/ecole.ecj23.org\/index.php\/wp-json\/wp\/v2\/pages\/70","targetHints":{"allow":["GET"]}}],"collection":[{"href":"https:\/\/ecole.ecj23.org\/index.php\/wp-json\/wp\/v2\/pages"}],"about":[{"href":"https:\/\/ecole.ecj23.org\/index.php\/wp-json\/wp\/v2\/types\/page"}],"author":[{"embeddable":true,"href":"https:\/\/ecole.ecj23.org\/index.php\/wp-json\/wp\/v2\/users\/10"}],"replies":[{"embeddable":true,"href":"https:\/\/ecole.ecj23.org\/index.php\/wp-json\/wp\/v2\/comments?post=70"}],"version-history":[{"count":20,"href":"https:\/\/ecole.ecj23.org\/index.php\/wp-json\/wp\/v2\/pages\/70\/revisions"}],"predecessor-version":[{"id":5954,"href":"https:\/\/ecole.ecj23.org\/index.php\/wp-json\/wp\/v2\/pages\/70\/revisions\/5954"}],"wp:attachment":[{"href":"https:\/\/ecole.ecj23.org\/index.php\/wp-json\/wp\/v2\/media?parent=70"}],"curies":[{"name":"wp","href":"https:\/\/api.w.org\/{rel}","templated":true}]}}