{"id":7642,"date":"2020-11-04T17:32:58","date_gmt":"2020-11-04T15:32:58","guid":{"rendered":"http:\/\/ecole.ecj23.org\/?page_id=7642"},"modified":"2020-11-04T17:33:11","modified_gmt":"2020-11-04T15:33:11","slug":"evenements","status":"publish","type":"page","link":"https:\/\/ecole.ecj23.org\/index.php\/evenements\/","title":{"rendered":"\u00c9v\u00e9nements"},"content":{"rendered":"\n<hr class=\"wp-block-separator\"\/>\n\n\n\n<h3 class=\"wp-block-heading\">Hommage national du lundi 2 novembre 2020<\/h3>\n\n\n\n<figure class=\"wp-block-image\"><img loading=\"lazy\" decoding=\"async\" width=\"850\" height=\"342\" src=\"http:\/\/ecole.ecj23.org\/wp-content\/uploads\/2020\/11\/hommage.jpg\" alt=\"\" class=\"wp-image-7643\" srcset=\"https:\/\/ecole.ecj23.org\/wp-content\/uploads\/2020\/11\/hommage.jpg 850w, https:\/\/ecole.ecj23.org\/wp-content\/uploads\/2020\/11\/hommage-300x121.jpg 300w, https:\/\/ecole.ecj23.org\/wp-content\/uploads\/2020\/11\/hommage-768x309.jpg 768w\" sizes=\"auto, (max-width: 850px) 100vw, 850px\" \/><\/figure>\n\n\n\n<h4 class=\"wp-block-heading\">Discours de Madame NOT\u00c9 \u00e0 toutes les classes \u00e0 11h10<\/h4>\n\n\n\n<p style=\"text-align:justify\">Je prends la parole aujourd\u2019hui, comme  tous les directeurs et directrices d\u2019\u00e9cole en France, car le 16 octobre  dernier Mr Samuel PATY, professeur  d\u2019histoire-g\u00e9ographie a \u00e9t\u00e9  assassin\u00e9 par quelqu\u2019un qui lui reprochait d\u2019avoir montr\u00e9 des images que  l\u2019on appelle des caricatures. <br>En France, au coll\u00e8ge, on \u00e9tudie  ces caricatures, qui sont d\u2019apr\u00e8s le dictionnaire Larousse des images  qui se moquent de personnes ou de situations. <br>En France, ces images humoristiques sont autoris\u00e9es car en France, nous avons  ce que l\u2019on appelle la libert\u00e9 d\u2019expression. <br>Or cette libert\u00e9 n\u2019est pas la m\u00eame dans tous les pays. <br>Dans certains pays, les personnes qui les montrent sont condamn\u00e9es, emprisonn\u00e9es voir pire. <br>Mr  PATY a donc \u00e9t\u00e9 tu\u00e9 pour avoir fait son m\u00e9tier d\u2019enseignant afin de  permettre \u00e0 tous les \u00e9l\u00e8ves quelque soit la religion d\u2019\u00eatre en capacit\u00e9  de grandir et de devenir un adulte sachant r\u00e9fl\u00e9chir seul, connaissant  la signification des mots qu\u2019il emploie et l\u2019impact de ses actes. <br>En France, nous avons la chance d\u2019avoir la libert\u00e9 de nous exprimer et d\u2019exprimer ses choix et son opinion. <br>En France, personne n\u2019a le droit d\u2019\u00eatre violent et de tuer parce qu\u2019il n\u2019est pas d\u2019accord avec quelqu\u2019un d\u2019autre. <br>Toute les personnes, quelque soit leurs origines, leur religion doit agir pour que cela ne se reproduise plus. <br>Notre  devise \u00ab La libert\u00e9, l\u2019\u00e9galit\u00e9, la fraternit\u00e9 \u00bb prend tout son sens  encore plus aujourd\u2019hui, sans oublier le respect et la solidarit\u00e9. <br>Je vais maintenant vous lire un extrait de la lettre de Jean Jaur\u00e8s <\/p>\n\n\n\n<h4 class=\"wp-block-heading\"> Lecture d&rsquo;un passage de la lettre de Jean Jaur\u00e8s <\/h4>\n\n\n\n<div class=\"wp-block-image\"><figure class=\"aligncenter\"><img loading=\"lazy\" decoding=\"async\" width=\"600\" height=\"408\" src=\"http:\/\/ecole.ecj23.org\/wp-content\/uploads\/2020\/11\/lettre_jeanjaures.png\" alt=\"\" class=\"wp-image-7644\" srcset=\"https:\/\/ecole.ecj23.org\/wp-content\/uploads\/2020\/11\/lettre_jeanjaures.png 600w, https:\/\/ecole.ecj23.org\/wp-content\/uploads\/2020\/11\/lettre_jeanjaures-300x204.png 300w\" sizes=\"auto, (max-width: 600px) 100vw, 600px\" \/><\/figure><\/div>\n\n\n\n<h4 class=\"wp-block-heading\"> Pr\u00e9paration de la minute de silence observ\u00e9e dans toutes les classes <\/h4>\n\n\n\n<p style=\"text-align:justify\">La lettre de Jean Jaur\u00e8s aux instituteurs est un texte d\u2019un personnage important dans l\u2019histoire de la R\u00e9publique. <br>Jean Jaur\u00e8s a d\u2019abord \u00e9t\u00e9 professeur de philosophie, puis \u00e9lu d\u00e9put\u00e9. <br>Il a soutenu l\u2019\u0153uvre scolaire de Jules FERRY. <br>Jean  Jaur\u00e8s \u00e9crivait r\u00e9guli\u00e8rement des chroniques dans le journal La D\u00e9p\u00eache  de Toulouse et en 1888, il s\u2019est adress\u00e9 aux Instituteurs et  institutrices. <br>Dans cette lettre, il souligne l\u2019importance du r\u00f4le de l\u2019\u00e9cole avec deux messages principaux : <br>\u00b7 L\u2019Ecole de la R\u00e9publique s\u2019adresse \u00e0 tous les enfants de France <br>\u00b7 L\u2019Ecole de la R\u00e9publique a pour ambition de faire grandir l\u2019\u00e9l\u00e8ve pour en faire un citoyen \u00e9clair\u00e9. <br>Comme  dans tous les \u00e9tablissements scolaires de France, nous allons  maintenant marquer une minute de silence  en hommage \u00e0 Samuel PATY. <br>Nous  associons aussi \u00e0 ce moment de recueillement, les victimes des  attentats de Nice et plus largement des victimes de la violence  terroriste. <br>Parce que nous croyons que la pri\u00e8re pour la  Paix est la r\u00e9ponse \u00e0 toute forme de violence, ce temps de recueillement  sera suivi d\u2019un temps de pri\u00e8re <\/p>\n\n\n\n<p style=\"text-align:center\"><em><strong>MINUTE DE SILENCE<\/strong><\/em><\/p>\n\n\n\n<h4 class=\"wp-block-heading\">Pri\u00e8re au cr\u00e9ateur &#8211; Lecture par Mme HASSLER<\/h4>\n\n\n\n<p style=\"text-align:justify\">\nSeigneur et P\u00e8re de l\u2019humanit\u00e9,<br>\ntoi qui as cr\u00e9\u00e9 tous les \u00eatres humains avec la m\u00eame dignit\u00e9, <br>\ninsuffle en nos c\u0153urs un esprit fraternel. <br>\nInspire-nous un r\u00eave de rencontre, de dialogue, de justice et de paix. <br>\nAide-nous \u00e0 cr\u00e9er des soci\u00e9t\u00e9s plus saines et un monde plus digne, sans faim, sans pauvret\u00e9, sans violence, sans guerres. <br>\nQue notre c\u0153ur s\u2019ouvre \u00e0 tous les peuples et nations de la terre, pour \nreconna\u00eetre le bien et la beaut\u00e9 que tu as sem\u00e9s en chacun pour forger \ndes liens d\u2019unit\u00e9, des projets communs, des esp\u00e9rances partag\u00e9es. <br>\nAmen !<br>\n<\/p>\n\n\n\n<p style=\"text-align:justify\"><em>Pri\u00e8re au Cr\u00e9ateur (Pape Fran\u00e7ois dans Fratelli Tutti)<\/em><\/p>\n\n\n\n<h4 class=\"wp-block-heading\">Rien qu&rsquo;aujourd&rsquo;hui &#8211; Lecture par Mme HASSLER<\/h4>\n\n\n\n<p style=\"text-align:justify\">\nRien qu&rsquo;aujourd&rsquo;hui, j&rsquo;essaierai de vivre ma journ\u00e9e sans chercher \u00e0 r\u00e9soudre le probl\u00e8me de toute ma vie.<br>\nRien qu&rsquo;aujourd&rsquo;hui, je prendrai le plus grand soin de ne critiquer personne\u2026 <br>\nRien qu&rsquo;aujourd&rsquo;hui, je serai heureux sur la certitude d&rsquo;avoir \u00e9t\u00e9 cr\u00e9\u00e9 pour le bonheur\u2026<br>\nRien qu&rsquo;aujourd&rsquo;hui, je consacrerai dix minutes \u00e0 une bonne lecture en \nme rappelant que, comme la nourriture est n\u00e9cessaire \u00e0 la vie du corps, \nde m\u00eame la bonne lecture est n\u00e9cessaire \u00e0 la vie de l&rsquo;\u00e2me. <br>\nRien qu&rsquo;aujourd&rsquo;hui, je ferai une bonne action et n&rsquo;en parlerai \u00e0 personne.<br>\nRien qu&rsquo;aujourd&rsquo;hui, j&rsquo;accomplirai au moins une chose que je n&rsquo;ai pas envie de faire\u2026 <br>\nRien qu&rsquo;aujourd&rsquo;hui, je croirai fermement \u2014 m\u00eame si les circonstances \nattestent le contraire \u2014 que la Providence de Dieu s&rsquo;occupe de moi comme\n si rien d&rsquo;autre n&rsquo;existait au monde.<br>\nRien qu&rsquo;aujourd&rsquo;hui, je n&rsquo;aurai aucune crainte.<br>\nEt tout particuli\u00e8rement je n&rsquo;aurai pas peur d&rsquo;appr\u00e9cier ce qui est beau et de croire \u00e0 la bont\u00e9.<br>\n<\/p>\n\n\n\n<p style=\"text-align:justify\"><em>Rien qu&rsquo;aujourd&rsquo;hui est un petit texte constitu\u00e9 d&rsquo;extraits du journal du Pape Saint Jean XXIII<\/em><\/p>\n","protected":false},"excerpt":{"rendered":"<p>Hommage national du lundi 2 novembre 2020 Discours de Madame NOT\u00c9 \u00e0 toutes les classes \u00e0 11h10 Je prends la parole aujourd\u2019hui, comme tous les directeurs et directrices d\u2019\u00e9cole en [&hellip;]<\/p>\n","protected":false},"author":10,"featured_media":0,"parent":0,"menu_order":0,"comment_status":"closed","ping_status":"closed","template":"","meta":{"footnotes":""},"class_list":["post-7642","page","type-page","status-publish","hentry"],"jetpack_sharing_enabled":true,"_links":{"self":[{"href":"https:\/\/ecole.ecj23.org\/index.php\/wp-json\/wp\/v2\/pages\/7642","targetHints":{"allow":["GET"]}}],"collection":[{"href":"https:\/\/ecole.ecj23.org\/index.php\/wp-json\/wp\/v2\/pages"}],"about":[{"href":"https:\/\/ecole.ecj23.org\/index.php\/wp-json\/wp\/v2\/types\/page"}],"author":[{"embeddable":true,"href":"https:\/\/ecole.ecj23.org\/index.php\/wp-json\/wp\/v2\/users\/10"}],"replies":[{"embeddable":true,"href":"https:\/\/ecole.ecj23.org\/index.php\/wp-json\/wp\/v2\/comments?post=7642"}],"version-history":[{"count":3,"href":"https:\/\/ecole.ecj23.org\/index.php\/wp-json\/wp\/v2\/pages\/7642\/revisions"}],"predecessor-version":[{"id":7647,"href":"https:\/\/ecole.ecj23.org\/index.php\/wp-json\/wp\/v2\/pages\/7642\/revisions\/7647"}],"wp:attachment":[{"href":"https:\/\/ecole.ecj23.org\/index.php\/wp-json\/wp\/v2\/media?parent=7642"}],"curies":[{"name":"wp","href":"https:\/\/api.w.org\/{rel}","templated":true}]}}

Événements

<hr class="wp-block-separator"/>



<h3 class="wp-block-heading">Hommage national du lundi 2 novembre 2020</h3>



<figure class="wp-block-image"><img loading="lazy" decoding="async" width="850" height="342" src="http://ecole.ecj23.org/wp-content/uploads/2020/11/hommage.jpg" alt="" class="wp-image-7643" srcset="https://ecole.ecj23.org/wp-content/uploads/2020/11/hommage.jpg 850w, https://ecole.ecj23.org/wp-content/uploads/2020/11/hommage-300x121.jpg 300w, https://ecole.ecj23.org/wp-content/uploads/2020/11/hommage-768x309.jpg 768w" sizes="auto, (max-width: 850px) 100vw, 850px" /></figure>



<h4 class="wp-block-heading">Discours de Madame NOTÉ à toutes les classes à 11h10</h4>



<p style="text-align:justify">Je prends la parole aujourd’hui, comme  tous les directeurs et directrices d’école en France, car le 16 octobre  dernier Mr Samuel PATY, professeur  d’histoire-géographie a été  assassiné par quelqu’un qui lui reprochait d’avoir montré des images que  l’on appelle des caricatures. <br>En France, au collège, on étudie  ces caricatures, qui sont d’après le dictionnaire Larousse des images  qui se moquent de personnes ou de situations. <br>En France, ces images humoristiques sont autorisées car en France, nous avons  ce que l’on appelle la liberté d’expression. <br>Or cette liberté n’est pas la même dans tous les pays. <br>Dans certains pays, les personnes qui les montrent sont condamnées, emprisonnées voir pire. <br>Mr  PATY a donc été tué pour avoir fait son métier d’enseignant afin de  permettre à tous les élèves quelque soit la religion d’être en capacité  de grandir et de devenir un adulte sachant réfléchir seul, connaissant  la signification des mots qu’il emploie et l’impact de ses actes. <br>En France, nous avons la chance d’avoir la liberté de nous exprimer et d’exprimer ses choix et son opinion. <br>En France, personne n’a le droit d’être violent et de tuer parce qu’il n’est pas d’accord avec quelqu’un d’autre. <br>Toute les personnes, quelque soit leurs origines, leur religion doit agir pour que cela ne se reproduise plus. <br>Notre  devise « La liberté, l’égalité, la fraternité » prend tout son sens  encore plus aujourd’hui, sans oublier le respect et la solidarité. <br>Je vais maintenant vous lire un extrait de la lettre de Jean Jaurès </p>



<h4 class="wp-block-heading"> Lecture d&rsquo;un passage de la lettre de Jean Jaurès </h4>



<div class="wp-block-image"><figure class="aligncenter"><img loading="lazy" decoding="async" width="600" height="408" src="http://ecole.ecj23.org/wp-content/uploads/2020/11/lettre_jeanjaures.png" alt="" class="wp-image-7644" srcset="https://ecole.ecj23.org/wp-content/uploads/2020/11/lettre_jeanjaures.png 600w, https://ecole.ecj23.org/wp-content/uploads/2020/11/lettre_jeanjaures-300x204.png 300w" sizes="auto, (max-width: 600px) 100vw, 600px" /></figure></div>



<h4 class="wp-block-heading"> Préparation de la minute de silence observée dans toutes les classes </h4>



<p style="text-align:justify">La lettre de Jean Jaurès aux instituteurs est un texte d’un personnage important dans l’histoire de la République. <br>Jean Jaurès a d’abord été professeur de philosophie, puis élu député. <br>Il a soutenu l’œuvre scolaire de Jules FERRY. <br>Jean  Jaurès écrivait régulièrement des chroniques dans le journal La Dépêche  de Toulouse et en 1888, il s’est adressé aux Instituteurs et  institutrices. <br>Dans cette lettre, il souligne l’importance du rôle de l’école avec deux messages principaux : <br>· L’Ecole de la République s’adresse à tous les enfants de France <br>· L’Ecole de la République a pour ambition de faire grandir l’élève pour en faire un citoyen éclairé. <br>Comme  dans tous les établissements scolaires de France, nous allons  maintenant marquer une minute de silence  en hommage à Samuel PATY. <br>Nous  associons aussi à ce moment de recueillement, les victimes des  attentats de Nice et plus largement des victimes de la violence  terroriste. <br>Parce que nous croyons que la prière pour la  Paix est la réponse à toute forme de violence, ce temps de recueillement  sera suivi d’un temps de prière </p>



<p style="text-align:center"><em><strong>MINUTE DE SILENCE</strong></em></p>



<h4 class="wp-block-heading">Prière au créateur &#8211; Lecture par Mme HASSLER</h4>



<p style="text-align:justify">
Seigneur et Père de l’humanité,<br>
toi qui as créé tous les êtres humains avec la même dignité, <br>
insuffle en nos cœurs un esprit fraternel. <br>
Inspire-nous un rêve de rencontre, de dialogue, de justice et de paix. <br>
Aide-nous à créer des sociétés plus saines et un monde plus digne, sans faim, sans pauvreté, sans violence, sans guerres. <br>
Que notre cœur s’ouvre à tous les peuples et nations de la terre, pour 
reconnaître le bien et la beauté que tu as semés en chacun pour forger 
des liens d’unité, des projets communs, des espérances partagées. <br>
Amen !<br>
</p>



<p style="text-align:justify"><em>Prière au Créateur (Pape François dans Fratelli Tutti)</em></p>



<h4 class="wp-block-heading">Rien qu&rsquo;aujourd&rsquo;hui &#8211; Lecture par Mme HASSLER</h4>



<p style="text-align:justify">
Rien qu&rsquo;aujourd&rsquo;hui, j&rsquo;essaierai de vivre ma journée sans chercher à résoudre le problème de toute ma vie.<br>
Rien qu&rsquo;aujourd&rsquo;hui, je prendrai le plus grand soin de ne critiquer personne… <br>
Rien qu&rsquo;aujourd&rsquo;hui, je serai heureux sur la certitude d&rsquo;avoir été créé pour le bonheur…<br>
Rien qu&rsquo;aujourd&rsquo;hui, je consacrerai dix minutes à une bonne lecture en 
me rappelant que, comme la nourriture est nécessaire à la vie du corps, 
de même la bonne lecture est nécessaire à la vie de l&rsquo;âme. <br>
Rien qu&rsquo;aujourd&rsquo;hui, je ferai une bonne action et n&rsquo;en parlerai à personne.<br>
Rien qu&rsquo;aujourd&rsquo;hui, j&rsquo;accomplirai au moins une chose que je n&rsquo;ai pas envie de faire… <br>
Rien qu&rsquo;aujourd&rsquo;hui, je croirai fermement — même si les circonstances 
attestent le contraire — que la Providence de Dieu s&rsquo;occupe de moi comme
 si rien d&rsquo;autre n&rsquo;existait au monde.<br>
Rien qu&rsquo;aujourd&rsquo;hui, je n&rsquo;aurai aucune crainte.<br>
Et tout particulièrement je n&rsquo;aurai pas peur d&rsquo;apprécier ce qui est beau et de croire à la bonté.<br>
</p>



<p style="text-align:justify"><em>Rien qu&rsquo;aujourd&rsquo;hui est un petit texte constitué d&rsquo;extraits du journal du Pape Saint Jean XXIII</em></p>

<p>Hommage national du lundi 2 novembre 2020 Discours de Madame NOTÉ à toutes les classes à 11h10 Je prends la parole aujourd’hui, comme tous les directeurs et directrices d’école en [&hellip;]</p>
